{"id":2926,"date":"2020-10-17T02:06:15","date_gmt":"2020-10-17T02:06:15","guid":{"rendered":"http:\/\/x6c.fb9.myftpupload.com\/?post_type=product&#038;p=2926"},"modified":"2020-10-17T02:06:16","modified_gmt":"2020-10-17T02:06:16","slug":"polo-espana","status":"publish","type":"product","link":"https:\/\/tucamisetasport.com\/?product=polo-espana","title":{"rendered":"POLO ESPA\u00d1A"},"content":{"rendered":"<p>La triangulaci\u00f3n define el estilo de juego de Espa\u00f1a. Rinde homenaje a tu selecci\u00f3n con este polo de f\u00fatbol. Se ha confeccionado en un tejido transpirable que mantiene la piel fresca y seca. El cuello de polo de canal\u00e9 y las 3 bandas en la manga te garantizan un estilo aut\u00e9ntico y deportivo.<\/p>\n<p>&nbsp;<\/p>\n<p>Tallas desde la S a la 2XL<\/p>\n","protected":false},"excerpt":{"rendered":"<p>La triangulaci\u00f3n define el estilo de juego de Espa\u00f1a. Rinde homenaje a tu selecci\u00f3n con este polo de f\u00fatbol. Se ha confeccionado en un tejido transpirable que mantiene la piel fresca y seca. El cuello de polo de canal\u00e9 y las 3 bandas en la manga te garantizan un estilo aut\u00e9ntico y deportivo. &nbsp; Tallas [&hellip;]<\/p>\n","protected":false},"featured_media":2927,"comment_status":"open","ping_status":"closed","template":"","meta":[],"product_brand":[],"product_cat":[243,19,229],"product_tag":[],"class_list":{"0":"post-2926","1":"product","2":"type-product","3":"status-publish","4":"has-post-thumbnail","6":"product_cat-espana","7":"product_cat-futbol","8":"product_cat-selecciones","10":"first","11":"instock","12":"shipping-taxable","13":"purchasable","14":"product-type-simple"},"_links":{"self":[{"href":"https:\/\/tucamisetasport.com\/index.php?rest_route=\/wp\/v2\/product\/2926"}],"collection":[{"href":"https:\/\/tucamisetasport.com\/index.php?rest_route=\/wp\/v2\/product"}],"about":[{"href":"https:\/\/tucamisetasport.com\/index.php?rest_route=\/wp\/v2\/types\/product"}],"replies":[{"embeddable":true,"href":"https:\/\/tucamisetasport.com\/index.php?rest_route=%2Fwp%2Fv2%2Fcomments&post=2926"}],"wp:featuredmedia":[{"embeddable":true,"href":"https:\/\/tucamisetasport.com\/index.php?rest_route=\/wp\/v2\/media\/2927"}],"wp:attachment":[{"href":"https:\/\/tucamisetasport.com\/index.php?rest_route=%2Fwp%2Fv2%2Fmedia&parent=2926"}],"wp:term":[{"taxonomy":"product_brand","embeddable":true,"href":"https:\/\/tucamisetasport.com\/index.php?rest_route=%2Fwp%2Fv2%2Fproduct_brand&post=2926"},{"taxonomy":"product_cat","embeddable":true,"href":"https:\/\/tucamisetasport.com\/index.php?rest_route=%2Fwp%2Fv2%2Fproduct_cat&post=2926"},{"taxonomy":"product_tag","embeddable":true,"href":"https:\/\/tucamisetasport.com\/index.php?rest_route=%2Fwp%2Fv2%2Fproduct_tag&post=2926"}],"curies":[{"name":"wp","href":"https:\/\/api.w.org\/{rel}","templated":true}]}}